s -ab (base 16) in base 2?
-10101011
-16 (base 10) to base 3
-121
-1 (base 7) to base 3
-1
What is 41 (base 13) in base 12?
45
What is -44 (base 7) in base 6?
-52
Convert -2 (base 16) to base 13.
-2
What is -123 (base 5) in base 15?
-28
3023 (base 4) to base 3
21112
What is 4 (base 14) in base 16?
4
-1 (base 3) to base 9
-1
Convert -a9 (base 11) to base 6.
-315
-2 (base 11) to base 13
-2
What is 0 (base 3) in base 9?
0
-50 (base 8) to base 15
-2a
-3 (base 9) to base 10
-3
What is -11 (base 3) in base 5?
-4
Convert -101 (base 2) to base 6.
-5
What is -27 (base 16) in base 5?
-124
What is -11 (base 2) in base 11?
-3
Convert 14 (base 8) to base 5.
22
Convert 54 (base 8) to base 10.
44
Convert -a (base 15) to base 4.
-22
2 (base 8) to base 16
2
What is -2 (base 15) in base 5?
-2
Convert -10 (base 3) to base 13.
-3
What is 1 (base 7) in base 11?
1
120 (base 4) to base 7
33
Convert 126 (base 11) to base 2.
10010101
Convert -20 (base 6) to base 11.
-11
Convert 17 (base 9) to base 16.
10
-12 (base 8) to base 11
-a
Convert -11 (base 2) to base 5.
-3
-32 (base 15) to base 3
-1202
-7 (base 11) to base 3
-21
2001 (base 3) to base 8
67
Convert -10010100 (base 2) to base 16.
-94
What is 1b (base 16) in base 14?
1d
363 (base 10) to base 3
111110
13 (base 13) to base 2
10000
-2 (base 8) to base 15
-2
Convert 2 (base 15) to base 6.
2
What is -37 (base 8) in base 5?
-111
Convert 0 (base 14) to base 2.
0
What is -13 (base 5) in base 2?
-1000
201 (base 3) to base 12
17
3 (base 5) to base 10
3
4 (base 9) to base 8
4
11012 (base 3) to base 12
95
0 (base 8) to base 6
0
What is 1 (base 3) in base 16?
1
-150 (base 6) to base 3
-2110
Convert 2 (base 5) to base 9.
2
-12 (base 16) to base 7
-24
What is -2 (base 7) in base 14?
-2
52 (base 6) to base 15
22
What is -10 (base 5) in base 9?
-5
Convert -1100 (base 3) to base 6.
-100
What is 198 (base 10) in base 8?
306
What is 1021 (base 3) in base 9?
37
Convert 21 (base 7) to base 15.
10
12 (base 11) to base 10
13
What is -280 (base 11) in base 2?
-101001010
3 (base 13) to base 11
3
What is 22 (base 3) in base 10?
8
-13 (base 5) to base 2
-1000
Convert -10 (base 4) to base 9.
-4
7a (base 15) to base 2
1110011
Convert 32 (base 5) to base 3.
122
What is 226 (base 13) in base 11?
307
What is -2 (base 12) in base 5?
-2
Convert 253 (base 6) to base 2.
1101001
4 (base 11) to base 7
4
What is 2 (base 10) in base 4?
2
What is 93 (base 13) in base 4?
1320
-3 (base 13) to base 3
-10
What is 12 (base 10) in base 4?
30
-3 (base 5) to base 3
-10
What is -341 (base 7) in base 11?
-150
Convert -10 (base 13) to base 15.
-d
Convert 0 (base 13) to base 10.
0
What is 23 (base 6) in base 11?
14
Convert -30 (base 11) to base 3.
-1020
What is 4e (base 16) in base 8?
116
What is 134 (base 13) in base 12?
158
2 (base 3) to base 6
2
Convert 12 (base 3) to base 2.
101
200 (base 12) to base 10
288
-2110 (base 3) to base 5
-231
What is -41 (base 5) in base 10?
-21
Convert -41 (base 14) to base 10.
-57
What is -11 (base 15) in base 10?
-16
15 (base 6) to base 15
b
What is 20 (base 6) in base 12?
10
Convert -2 (base 3) to base 13.
-2
Convert 60 (base 14) to base 2.
1010100
Convert -3 (base 15) to base 6.
-3
What is -33 (base 4) in base 16?
-f
Convert -16 (base 7) to base 2.
-1101
What is 432 (base 5) in base 9?
140
Convert -5 (base 10) to base 8.
-5
1 (base 2) to base 4
1
Convert -4 (base 14) to base 13.
-4
What is 5 (base 12) in base 8?
5
Convert -330 (base 4) to base 9.
-66
-1 (base 12) to base 10
-1
Convert -2d (base 15) to base 7.
-61
What is -1 (base 15) in base 11?
-1
What is 1 (base 6) in base 16?
1
b8 (base 13) to base 3
12121
What is -32 (base 15) in base 5?
-142
What is -1 (base 6) in base 3?
-1
Convert 2221 (base 3) to base 9.
87
Convert 306 (base 8) to base 13.
123
Convert -1210 (base 3) to base 12.
-40
Convert 11100 (base 2) to base 13.
22
0 (base 11) to base 13
0
25 (base 6) to base 15
12
1d (base 16) to base 4
131
What is 13 (base 11) in base 3?
112
What is -21 (base 8) in base 4?
-101
-2 (base 12) to base 11
-2
What is -28 (base 10) in base 11?
-26
1110 (base 3) to base 14
2b
What is d (base 15) in base 7?
16
Convert 11 (base 4) to base 13.
5
What is -31 (base 6) in base 9?
-21
3 (base 12) to base 6
3
-25 (base 9) to base 8
-27
Convert 0 (base 14) to base 9.
0
2 (base 10) to base 14
2
-2 (base 3) to base 12
-2
-24 (base 5) to base 16
-e
-10 (base 13) to base 4
-31
-11 (base 2) to base 9
-3
What is -12 (base 4) in base 9?
-6
25 (base 6) to base 16
11
Convert -5 (base 12) to base 4.
-11
Convert -100001111 (base 2) to base 14.
-155
2 (base 7) to base 6
2
-41 (base 10) to base 9
-45
-21122 (base 3) to base 9
-248
0 (base 2) to base 4
0
Convert -314 (base 6) to base 13.
-91
What is -28 (base 14) in base 9?
-40
-7 (base 9) to base 3
-21
What is 0 (base 14) in base 10?
0
Convert -154 (base 14) to base 3.
-101000
What is 1123 (base 4) in base 8?
133
Convert -226 (base 7) to base 10.
-118
6 (base 7) to base 5
11
Convert 5 (base 14) to base 5.
10
Convert 159 (base 14) to base 4.
10103
b (base 16) to base 8
13
Convert -101001101 (base 2) to base 12.
-239
Convert -3 (base 13) to base 9.
-3
Convert 17 (base 10) to base 16.
11
Convert 131 (base 4) to base 5.
104
What is 101 (base 4) in base 8?
21
What is -1 (base 16) in base 8?
-1
2 (base 6) to base 13
2
1011 (base 2) to base 3
102
Convert 41 (base 7) to base 12.
25
What is -2 (base 4) in base 3?
-2
Convert 400 (base 9) to base 15.
169
What is 1 (base 12) in base 11?
1
Convert -411 (base 7) to base 10.
-204
What is 4 (base 10) in base 2?
100
Convert 131 (base 4) to base 13.
23
Convert -25 (base 6) to base 14.
-13
Convert 113 (base 5) to base 3.
1020
What is -25 (base 10) in base 4?
-121
What is -2 (base 8) in base 14?
-2
-8b (base 13) to base 4
-1303
-104 (base 15) to base 9
-274
-78 (base 15) to base 14
-81
Convert 245 (base 8) to base 13.
c9
-3 (base 8) to base 15
-3
What is f (base 16) in base 4?
33
What is 12 (base 8) in base 4?
22
What is 32 (base 7) in base 16?
17
34 (base 7) to base 8
31
-16 (base 15) to base 8
-25
Convert -11 (base 12) to base 2.
-1101
Convert 11 (base 2) to base 10.
3
-1 (base 16) to base 2
-1
Convert -32 (base 7) to base 16.
-17
What is 22 (base 8) in base 14?
14
What is -66 (base 13) in base 9?
-103
427 (base 9) to base 8
535
Convert -101 (base 4) to base 16.
-11
1020 (base 4) to base 8
110
What is a (base 12) in base 16?
a
What is 14 (base 13) in base 10?
17
What is -2 (base 3) in base 13?
-2
0 (base 13) to base 8
0
22 (base 12) to base 7
35
-85 (base 14) to base 15
-7c
25 (base 13) to base 16
1f
Convert -30 (base 4) to base 16.
-c
Convert -9 (base 14) to base 16.
-9
Convert 0 (base 7) to base 9.
0
What is -222 (base 4) in base 13?
-33
What is -57 (base 12) in base 4?
-1003
Convert -38 (base 10) to base 12.
-32
What is 0 (base 16) in base 9?
0
What is 81 (base 11) in base 13?
6b
Convert -41 (base 10) to base 5.
-131
1 (base 2) to base 8
1
-2 (base 9) to base 13
-2
-21 (base 3) to base 11
-7
What is -3b (base 13) in base 3?
-1212
What is 0 (base 11) in base 14?
0
Convert -43 (base 11) to base 7.
-65
Convert 9 (base 14) to base 10.
9
Convert 3 (base 8) to base 13.
3
-3 (base 7) to base 3
-10
1 (base 8) to base 4
1
Convert 0 (base 3) to base 16.
0
22 (base 9) to base 13
17
16 (base 13) to base 4
103
Convert -17 (base 11) to base 16.
-12
Convert 1021 (base 3) to base 5.
114
-f9 (base 16) to base 4
-3321
Convert bb (base 14) to base 4.
2211
210 (base 3) to base 2
10101
Convert 8 (base 13) to base 2.
1000
Convert 132 (base 4) to base 13.
24
What is -3e (base 16) in base 14?
-46
What is 9c (base 13) in base 6?
333
Convert 22 (base 7) to base 6.
24
What is 34 (base 5) in base 12?
17
What is 10 (base 7) in base 12?
7
246 (base 7) to base 12
b0
4 (base 13) to base 11
4
What is a (base 11) in base 3?
101
What is -4a (base 16) in base 10?
-74
4e (base 16) to base 9
86
What is 1 (base 5) in base 16?
1
-155 (base 7) to base 15
-5e
What is -2 (base 12) in base 16?
-2
Convert 21 (base 6) to base 3.
111
Convert 7 (base 14) to base 3.
21
Convert -33 (base 15) to base 10.
-48
1 (base 16) to base 5
1
What is -74 (base 8) in base 5?
-220
12 (base 3) to base 15
5
Convert 19 (base 11) to base 14.
16
136 (base 7) to base 10
76
-10 (base 4) to base 9
-4
-221 (base 7) to base 15
-78
What is -103